0. What are the prime factors of w?
2, 3, 7
Let k = -375 + 371. List the prime factors of (k + 423/36)*64.
2, 31
Let c be 1*5/(-2)*(-140)/25. List the prime factors of -17 + c - (1 - 1734).
2, 5, 173
Let o = 156 - 154. List the prime factors of (25/(-75))/(o - 1687/843).
281
Let q = -84 + 104. Suppose 8*r - 12*r = -q. Suppose 2*p + 4*y = 202 + 170, -3*p + 580 = -r*y. What are the prime factors of p?
2, 5, 19
Let b(t) = -t**3 + 11*t**2 + 4. Let m be b(11). What are the prime factors of (9/m)/(8/992)?
3, 31
Let d = 436 - 117. Suppose -v + 2*w = -d, 3*v - v = -2*w + 644. Suppose -124 = 3*f - 2*k - 558, -5*k = 2*f - v. List the prime factors of f.
2, 37
What are the prime factors of 12/24 - 3 - (-8617)/2?
2, 2153
Let m(g) = -10*g - 40. Let i be m(-4). Suppose -4*u + 1428 = 3*k, i = -6*k + 7*k + 2*u - 474. List the prime factors of k.
2, 3, 5
What are the prime factors of 36336/14 + -10 - (20/14 - 1)?
5, 11, 47
Let x = 101 + -80. Suppose 15*u = x*u - 618. What are the prime factors of u?
103
List the prime factors of 523*2*(-1908)/(-424).
3, 523
Suppose -570611 - 518698 = -53*h. List the prime factors of h.
3, 13, 17, 31
What are the prime factors of (-3 + 19772/20)*30?
2, 3, 7, 11
Let u(l) be the first derivative of -11*l**2/2 + 2*l + 1. Suppose -10*y = -83*y - 365. List the prime factors of u(y).
3, 19
Let w be -10*(-3 - (-42)/12). Let i(v) = -79*v + 37. List the prime factors of i(w).
2, 3
Suppose -5*f + 7*f + 126 = 0. What are the prime factors of (-4932)/f + 4/(-14)?
2, 3, 13
Suppose -34*h - 22390 = -176920. What are the prime factors of h?
3, 5, 101
Let s(l) = 24*l**2 + 8*l - 7. Suppose -3*a = -m + 2*m + 9, 3*a + 24 = 4*m. What are the prime factors of s(a)?
3, 5, 23
Suppose 0 = -4*d + 3*w - 251 + 1605, 1704 = 5*d + 2*w. Suppose 5*j = -5*j + d. Let f = -2 + j. List the prime factors of f.
2
Let y(b) = -57*b**3 - b**2 - b + 1. Let q be y(1). Let l(z) = -2*z**2 - 100*z - 534. Let r be l(-43). Let o = q + r. List the prime factors of o.
2, 5
Let i be 4/6 - 69100/(-30). Suppose -20*g + 16*g + i = 0. List the prime factors of g.
2, 3
List the prime factors of ((-10)/(-3))/(35/28035).
2, 3, 5, 89
Suppose s - 29 + 6 = 0. Let n = s + -20. What are the prime factors of n/(12/(-8)) - -104?
2, 3, 17
Let l(d) = d**2 - 3*d - 8. Let g be l(7). Suppose 184 = 16*w - g*w. Let k = -43 - w. What are the prime factors of k?
3
Let j = -216 - -58. Suppose -2*g + 0 = 4, -675 = 3*n - 3*g. Let p = j - n. List the prime factors of p.
3, 23
Let g = -11900 + 43375. What are the prime factors of g?
5, 1259
Suppose 100205 = -136*k + 287*k - 144*k. List the prime factors of k.
5, 7, 409
Let u(s) = -s**3 + 8*s**2 - 7*s - 2. Let k(x) = -5*x**3 + 2*x**2 + x + 1. Let y be k(-1). Let t be u(y). What are the prime factors of t/(-8) + (-331)/(-4)?
83
Let t(k) = 1587*k + 1117. What are the prime factors of t(14)?
5, 13, 359
Let f = -6893 + 9336. What are the prime factors of f?
7, 349
Let z(j) = 607*j**3 + 26*j**2 - 82*j - 7. What are the prime factors of z(3)?
2, 5, 1637
Suppose 10436 = 3*m + 4*u, -16*m + 10426 = -13*m - u. List the prime factors of m.
2, 11, 79
Let z = 3542 + -1851. Suppose 0 = -6*p + z + 1909. List the prime factors of p.
2, 3, 5
Let y(v) = -3*v - 8*v + 3*v + 23. Let o(c) = -c**2 + 30*c + 291. Let p be o(38). What are the prime factors of y(p)?
127
Let l(o) = o**3 - o**2 - 2. Let a be l(2). Let y be (7 + -6)/(a/232). Suppose y = 3*m - m. What are the prime factors of m?
2, 29
Suppose 111*b - 74737 = 51803. What are the prime factors of b?
2, 3, 5, 19
Let s(m) = 3*m**2 + 70*m - 30. Let v(k) = k**3 - 3*k**2 - 3*k - 21. Let h be v(5). What are the prime factors of s(h)?
2, 769
Let n be -3 + 15 + (4 - 10). Let g = -340 - -486. Suppose i - n = g. List the prime factors of i.
2, 19
List the prime factors of ((-11190)/(-8))/(-16*(-8)/2048) + 6.
2, 3, 7, 13, 41
Suppose r - 2*r = -1, -r = 5*n + 139. Let x be (-240)/n*(-21)/(-2). Suppose p + 0*p = x. List the prime factors of p.
2, 3, 5
Let d(a) = -a**2. Let v(y) = 6*y**2 - 80*y + 6. Let j(c) = 2*d(c) + v(c). List the prime factors of j(24).
2, 3, 5, 13
Let z(h) = h**3 + 8*h**2 + 4*h + 5. Suppose 5*u = -y - 19, -2*y + 3*u = -3*y - 15. Let i be z(y). Let a = -78 - i. List the prime factors of a.
2, 17
Let z(h) = h + 9. Let i be z(-2). Suppose 5*k - i*k + 8 = 0. Suppose k*l - 2*q + 0*q = 360, 95 = l - 3*q. What are the prime factors of l?
89
Let w = 47 + -44. Suppose 0 = -2*g, -7*j + 3*j - 8 = -w*g. List the prime factors of 1*(3 + j)*189.
3, 7
Suppose 3867 = 3*h - 3*a, 3*h + 0*h - a - 3857 = 0. Suppose -5874 = -15*z - h. What are the prime factors of z?
2, 3, 17
Let a be 9/21 + (-1)/((-7)/333). Suppose -3*k + s - 11 = -37, -2*s + a = 4*k. Let p = 65 - k. List the prime factors of p.
5, 11
What are the prime factors of (1/(3/7))/(2/6)*643?
7, 643
Let t be (5 - 1) + -3 - -2. Suppose 692 = 3*v + 2*i, i - 924 = -4*v - t*i. What are the prime factors of -4 - (-1)/((4/v)/2)?
3, 37
Let l(w) = -w**2 - 8*w - 7. Suppose 0*c = 3*c + 18. Let a be l(c). Suppose a*m - 220 = 60. What are the prime factors of m?
2, 7
Let r(d) = 3*d**2 - 3*d - 286. List the prime factors of r(26).
2, 13
Suppose 2030 = t + 5*s, -2035 - 8144 = -5*t + 4*s. Suppose w - 4*u + 96 - 480 = 0, t = 5*w + 3*u. List the prime factors of w.
2, 101
Suppose 14*j = -1015 - 2275. Let f = j - -545. List the prime factors of f.
2, 5, 31
Suppose 0 = 7*j - 4*j + 3. Let a be (j/2)/((-1)/(-4)). Let n = 3 - a. What are the prime factors of n?
5
Let z = -39905 - -89666. What are the prime factors of z?
3, 19, 97
Let y(w) = w. Let q be y(-4). Let h = -1327 + 1528. List the prime factors of (q + 2 - -4 - 2) + h.
3, 67
Let n(k) = k**2 - 3*k + 12. Let y be n(3). Suppose 4*z = -5*i + 896, -z - y = -4*z. List the prime factors of i.
2, 11
Let s be ((-2)/8)/((-1)/12). Suppose 5*q - 3*y - 33 = s*q, 4*q - 75 = -3*y. Suppose q = -6*t + 300. List the prime factors of t.
47
Let z(u) = 380*u + 1382. What are the prime factors of z(37)?
2, 7, 1103
Suppose 164*t + 1841 = 171*t. Suppose -o + 23 = 208. Let g = o + t. What are the prime factors of g?
2, 3, 13
Let t = -366 + 396. List the prime factors of 18126/70 - t/(-525).
7, 37
Let c(o) = -769*o + 689. List the prime factors of c(-5).
2, 2267
Suppose -3*v - 4*d = -24, 0*v + 5*d = 4*v - 1. Suppose -v*t = -4, -w - t + 2 = -4. What are the prime factors of 291*w*12/90?
2, 97
Suppose 4*h = -2*b + 8158, -4*h + 13136 = 4*b - 3200. What are the prime factors of b/6*(-3 - 1 - -6)?
29, 47
Suppose -v + 33 = -262. Let d = v - 215. List the prime factors of d.
2, 5
Let g = 453 - 420. Suppose g*k - 1814 = 31*k. What are the prime factors of k?
907
What are the prime factors of (-22 - -21)/((-1)/11439)?
3, 31, 41
Let n = 9042 - 4384. Suppose 0 = 5*s + 2*x - n, 0 = -s - 2*s + x + 2786. What are the prime factors of s?
2, 3, 5, 31
Let z(k) = 2*k**2 - 6*k - 1. Let x be z(4). List the prime factors of 1*(x + -5 - -285).
7, 41
List the prime factors of 2*(-30276)/(-10) + 764/955.
2, 757
Suppose 2 = l + o, -o + 2*o = -3*l + 6. Suppose 3 = -l*v + 5, 2*p + 5*v = 347. What are the prime factors of p?
3, 19
Let k = 8497 + -7757. List the prime factors of k.
2, 5, 37
Let o(q) = 1274*q - 564. What are the prime factors of o(49)?
2, 30931
Let b(l) = 41*l**2 - 53*l + 641. What are the prime factors of b(26)?
3, 17, 23
Suppose 2*c + 2*c + 5*s - 309 = 0, 3*s = -c + 86. Let y = -64 + c. Suppose 5*p - y*p - 2*r = -348, -5*p - r = -890. What are the prime factors of p?
179
Suppose 7*b = -144 + 158. Suppose -3*d + 1536 + 1885 = 5*g, -b*d - 4*g + 2282 = 0. What are the prime factors of d?
3, 379
Let a(x) = -2*x**2 - x - 8. Let f be a(-5). Let h = -81 - f. Let u = 6 - h. What are the prime factors of u?
2, 17
Suppose 4*y = -7*a + 6*a - 1, -5*a - 47 = -y. Let o(b) = -b**3 - 6*b**2 - 8*b - 10. What are the prime factors of o(a)?
5, 61
What are the prime factors of 3 + -24 + 6 + 12947?
2, 53, 61
List the prime factors of -3 + (10 - 4) - 1/((-1)/47016).
3, 7, 2239
Let b(o) = 330*o + 461. List the prime factors of b(11).
4091
Let t = 24259 - 16651. List the prime factors of t.
2, 3, 317
Let y(r) = 10*r**3 - 72*r**2 - 37*r + 3. List the prime factors of y(15).
2, 3, 2833
Let s be ((-8)/24)/((-1)/123). Suppose q - 281 = -3*n, 0 = -n + 5*q + 81 + 34. Suppose -2*t - 5*l + n + s = 0, 